 a multiple of 7?
True
Does 3 divide 39?
True
Is 186 a factor of 38130?
True
Is 35 a factor of 9800?
True
Is 196 a multiple of 3?
False
Is 16 a multiple of 4?
True
Does 62 divide 186?
True
Does 7 divide 329?
True
Is 11 a factor of 539?
True
Does 78 divide 2605?
False
Is 16 a factor of 5136?
True
Does 73 divide 1087?
False
Is 8062 a multiple of 29?
True
Is 40 a factor of 3040?
True
Is 22 a factor of 1145?
False
Is 65 a factor of 390?
True
Is 47 a multiple of 47?
True
Does 10 divide 620?
True
Is 28 a factor of 130?
False
Is 44 a factor of 49236?
True
Does 49 divide 833?
True
Does 128 divide 44758?
False
Is 15 a factor of 2118?
False
Does 20 divide 540?
True
Is 12 a factor of 1404?
True
Is 7440 a multiple of 8?
True
Does 2 divide 30?
True
Is 9 a factor of 375?
False
Is 6 a factor of 1884?
True
Is 2232 a multiple of 24?
True
Is 460 a multiple of 20?
True
Is 14099 a multiple of 90?
False
Is 49 a multiple of 2?
False
Is 1846 a multiple of 16?
False
Is 22 a factor of 19117?
False
Is 9 a factor of 918?
True
Is 20 a factor of 210?
False
Does 11 divide 1313?
False
Does 188 divide 4687?
False
Does 22 divide 113?
False
Does 15 divide 2040?
True
Is 5056 a multiple of 32?
True
Is 4081 a multiple of 44?
False
Is 396 a multiple of 37?
False
Is 1625 a multiple of 42?
False
Is 329 a multiple of 15?
False
Is 855 a multiple of 19?
True
Is 45 a factor of 1402?
False
Does 73 divide 1716?
False
Is 81 a factor of 18825?
False
Is 2990 a multiple of 26?
True
Is 15 a factor of 1920?
True
Is 3 a factor of 1171?
False
Does 135 divide 19539?
False
Does 212 divide 40545?
False
Is 10 a factor of 60?
True
Is 30 a factor of 1167?
False
Is 15 a factor of 51?
False
Is 31 a factor of 39370?
True
Is 348 a multiple of 55?
False
Does 39 divide 1482?
True
Is 16 a factor of 21776?
True
Does 35 divide 1155?
True
Is 168 a factor of 9744?
True
Is 133 a multiple of 7?
True
Is 2449 a multiple of 7?
False
Is 24 a factor of 3720?
True
Is 26254 a multiple of 17?
False
Is 52 a factor of 1493?
False
Is 64 a multiple of 4?
True
Is 40 a multiple of 20?
True
Is 340 a factor of 47260?
True
Is 9 a factor of 657?
True
Is 35 a factor of 1423?
False
Is 52 a factor of 600?
False
Is 6329 a multiple of 64?
False
Does 16 divide 18482?
False
Does 3 divide 111?
True
Is 32 a factor of 2432?
True
Is 30 a factor of 90?
True
Is 256 a multiple of 2?
True
Is 19 a factor of 1747?
False
Does 14 divide 3663?
False
Is 657 a multiple of 25?
False
Is 4023 a multiple of 60?
False
Is 12027 a multiple of 211?
True
Is 7 a factor of 357?
True
Is 23220 a multiple of 101?
False
Does 64 divide 1866?
False
Is 33 a multiple of 33?
True
Does 101 divide 378?
False
Does 33 divide 64?
False
Does 14 divide 119?
False
Does 45 divide 1395?
True
Does 7 divide 259?
True
Is 83160 a multiple of 31?
False
Is 10 a factor of 2438?
False
Is 16 a factor of 578?
False
Is 2277 a multiple of 11?
True
Does 18 divide 2482?
False
Is 317 a multiple of 26?
False
Is 14 a factor of 16548?
True
Is 17 a factor of 9025?
False
Is 4706 a multiple of 15?
False
Is 4508 a multiple of 8?
False
Does 26 divide 17888?
True
Is 91 a factor of 5769?
False
Does 13 divide 468?
True
Is 16002 a multiple of 7?
True
Does 62 divide 9424?
True
Does 9 divide 2403?
True
Does 19 divide 2016?
False
Is 36 a factor of 84888?
True
Is 298 a factor of 40528?
True
Does 25 divide 14650?
True
Is 2394 a multiple of 14?
True
Is 6970 a multiple of 41?
True
Is 8 a factor of 13885?
False
Does 295 divide 20143?
False
Is 4144 a multiple of 28?
True
Does 16 divide 99344?
True
Is 2178 a multiple of 99?
True
Is 8918 a multiple of 91?
True
Does 8 divide 624?
True
Does 110 divide 6285?
False
Does 3 divide 35?
False
Is 821 a multiple of 42?
False
Is 2 a factor of 692?
True
Does 3 divide 1065?
True
Is 969 a multiple of 19?
True
Is 717 a multiple of 77?
False
Is 860 a multiple of 86?
True
Does 28 divide 616?
True
Does 14 divide 4046?
True
Is 2194 a multiple of 9?
False
Is 97410 a multiple of 12?
False
Does 4 divide 2784?
True
Does 8 divide 4760?
True
Is 24 a factor of 1200?
True
Does 2 divide 121?
False
Is 10 a factor of 265?
False
Does 22 divide 1496?
True
Does 21 divide 740?
False
Is 7052 a multiple of 86?
True
Does 13 divide 6108?
False
Is 59 a factor of 802?
False
Is 14784 a multiple of 168?
True
Is 192 a factor of 45888?
True
Is 4 a factor of 40?
True
Is 720 a multiple of 30?
True
Is 6060 a multiple of 60?
True
Is 2 a factor of 1668?
True
Is 748 a multiple of 34?
True
Is 27 a factor of 891?
True
Is 13566 a multiple of 19?
True
Is 34968 a multiple of 12?
True
Is 3045 a multiple of 10?
False
Is 2450 a multiple of 16?
False
Is 10 a factor of 849?
False
Is 24 a factor of 14618?
False
Is 22 a factor of 5223?
False
Is 12 a factor of 2549?
False
Is 2401 a multiple of 29?
False
Is 92 a factor of 20528?
False
Is 638 a multiple of 22?
True
Does 3 divide 76?
False
Does 8 divide 3952?
True
Is 6217 a multiple of 5?
False
Does 5 divide 22677?
False
Does 108 divide 19980?
True
Does 3 divide 579?
True
Does 38 divide 6345?
False
Does 5 divide 238?
False
Does 7 divide 5600?
True
Is 90 a multiple of 30?
True
Does 54 divide 2436?
False
Is 105 a factor of 1680?
True
Does 139 divide 17514?
True
Is 112 a multiple of 14?
True
Does 13 divide 2142?
False
Does 13 divide 265?
False
Is 464 a multiple of 6?
False
Does 27 divide 8669?
False
Does 52 divide 17420?
True
Is 1661 a multiple of 11?
True
Is 1001 a multiple of 59?
False
Is 5 a factor of 3325?
True
Does 18 divide 174?
False
Does 19 divide 36244?
False
Is 5 a factor of 790?
True
Is 5240 a multiple of 16?
False
Is 4 a factor of 13?
False
Does 47 divide 14302?
False
Is 31 a factor of 17919?
False
Is 8139 a multiple of 39?
False
Is 77 a factor of 2482?
False
Is 19 a factor of 451?
False
Is 15 a factor of 6255?
True
Is 21 a factor of 4788?
True
Does 9 divide 593?
False
Does 53 divide 14628?
True
Is 25374 a multiple of 37?
False
Is 12 a factor of 1872?
True
Is 9 a factor of 11124?
True
Does 72 divide 1265?
False
Does 15 divide 2400?
True
Is 4176 a multiple of 72?
True
Is 29 a multiple of 2?
False
Is 14 even?
True
Is 124 a factor of 2701?
False
Is 8 a factor of 163?
False
Does 200 divide 18000?
True
Does 39 divide 2925?
True
Is 71 a factor of 710?
True
Is 254 a multiple of 4?
False
Is 204 a factor of 64872?
True
Does 38 divide 5960?
False
Does 12 divide 26735?
False
Is 19050 a multiple of 50?
True
Is 9960 a multiple of 332?
True
Does 16 divide 1744?
True
Does 62 divide 6014?
True
Is 28 a factor of 13832?
True
Is 84 a factor of 756?
True
Is 1401 a multiple of 51?
False
Is 3664 a multiple of 4?
True
Is 2088 a multiple of 36?
True
Is 1243 a multiple of 31?
False
Does 68 divide 1803?
False
Does 103 divide 8343?
True
Does 38 divide 7009?
False
Is 4425 a multiple of 25?
True
Is 200 a factor of 91238?
False
Does 28 divide 23044?
True
Is 13 a factor of 1476?
False
Is 4269 a multiple of 14?
False
Is 13537 a multiple of 128?
False
Does 120 divide 19200?
True
Is 57 a factor of 513?
True
Is 73 a factor of 3066?
True
Is 1350 a multiple of 25?
True
Is 380 a multiple of 10?
True
Does 144 divide 1188?
False
Does 22 divide 7026?
False
Does 25 divide 950?
True
Is 11076 a multiple of 9?
False
Is 6 a factor of 6426?
True
Is 5 a factor of 3526?
False
Is 267 a multiple of 41?
False
Does 24 divide 384?
True
Does 2 divide 3451?
False
Does 176 divide 11186?
False
Is 97 a factor of 5432?
True
Is 709 a multiple of 5?
False
Does 9 divide 14499?
True
Does 63 divide 6086?
False
Is 16 a factor of 96?
True
Does 47 divide 11243?
False
Does 93 divide 8835?
True
Is 98 a factor of 5810?
False
Is 12 a factor of 2352?
True
Is 2 a factor of 79?
False
Is 770 a multiple of 11?
True
Is 79 a factor of 811?
False
Does 13 divide 319?
False
Is 657 a multiple of 21?
False
Is 56 a factor of 171?
False
Is 35 a factor of 52361?
False
Does 4 divide 933?
False
Does 5 divide 6600?
True
Is 471 a multiple of 10?
False
Is 5 a factor of 2503?
False
Does 15 divide 900?
True
Is 12 a factor of 816?
True
Is 47 a factor of 20774?
True
Is 1470 a multiple of 15?
True
Is 59 a factor of 1121?
True
Is 2 a factor of 6421?
False
Is 21975 a multiple of 293?
True
Is 47 a factor of 1409?
False
Is 3949 a multiple of 130?
False
Does 32 divide 4010?
False
Is 18 a factor of 18072?
True
Is 1839 a multiple of 2?
False
Is 11598 a multiple of 64?
False